{"id":26,"date":"2025-02-21T09:48:42","date_gmt":"2025-02-21T08:48:42","guid":{"rendered":"https:\/\/caritas.no\/ny-rettshjelp\/?page_id=26"},"modified":"2025-03-06T14:49:18","modified_gmt":"2025-03-06T13:49:18","slug":"arbeiderettigheter","status":"publish","type":"page","link":"https:\/\/caritas.no\/rettshjelp\/arbeiderettigheter\/","title":{"rendered":"Arbeiderettigheter"},"content":{"rendered":"\n<h2 class=\"wp-block-heading has-text-align-center\"><strong><strong>Arbeiderettigheter<\/strong><\/strong><\/h2>\n\n\n\n<div class=\"wp-block-media-text is-stacked-on-mobile  \"><figure class=\"wp-block-media-text__media\"><img loading=\"lazy\" decoding=\"async\" width=\"605\" height=\"396\" src=\"https:\/\/caritas.no\/content\/uploads\/sites\/2\/2025\/03\/Penger.jpg\" alt=\"Tegning av mynter\" class=\"wp-image-45 size-full\" srcset=\"https:\/\/caritas.no\/content\/uploads\/sites\/2\/2025\/03\/Penger.jpg 605w, https:\/\/caritas.no\/content\/uploads\/sites\/2\/2025\/03\/Penger-300x196.jpg 300w\" sizes=\"(max-width: 605px) 100vw, 605px\" \/><\/figure><div class=\"wp-block-media-text__content\">\n<h2 class=\"wp-block-heading\">Du m\u00e5 sjekke at <br>du f\u00e5r det du <br>har krav p\u00e5 i arbeidsforholdet ditt<\/h2>\n<\/div><\/div>\n\n\n\n<h4 class=\"wp-block-heading\"><div class=\"has-limited-width\">Alle som jobber i Norge, har krav p\u00e5 et trygt arbeidsforhold. Det betyr at du har krav p\u00e5 l\u00f8nn, en arbeidsavtale og et arbeidsmilj\u00f8 som er i tr\u00e5d med norske regler. I noen bransjer skal du ha minstel\u00f8nn og HMS-kort som viser hvem du er og hvor du jobber.<\/div><\/h4>\n\n\n\n<ul class=\"wp-block-list\">\n<li>L\u00f8nn<\/li>\n\n\n\n<li>Arbeidstid<\/li>\n\n\n\n<li>Kontrakter og avtaler<\/li>\n\n\n\n<li>Arbeidsmilj\u00f8<\/li>\n<\/ul>\n\n\n\n<h3 class=\"wp-block-heading\"><strong><strong>Dine rettigheter som arbeidstaker i Norge <\/strong><\/strong><\/h3>\n\n\n\n<h4 class=\"wp-block-heading\">Arbeidstilsynet har en egen informasjonsside for utenlandske arbeidstakere.  <strong><a href=\"https:\/\/www.arbeidstilsynet.no\/arbeidstid-og-organisering\/knowyourrights-NO\/\" target=\"_blank\" rel=\"noreferrer noopener\">Klikk her<\/a><\/strong> for \u00e5 komme til siden. <\/h4>\n\n\n\n<h3 class=\"wp-block-heading\"><br><strong>Usikker p\u00e5 om du driver n\u00e6ringsvirksomhet?<\/strong><\/h3>\n\n\n\n<h4 class=\"wp-block-heading\"><div class=\"has-limited-width\">Hvis du kun jobber for ett foretak, ikke bruker eget utstyr og ikke er ansvarlig for det endelige resultatet, er du sannsynligvis arbeidstaker og ikke n\u00e6ringsdrivende. Selvstendig n\u00e6ringsdrivende har ikke samme rettigheter som en arbeidstaker. Du b\u00f8r derfor selv s\u00f8rge for \u00e5 sette av feriepenger, tegne forsikring og spare til pensjon.<\/div><\/h4>\n\n\n\n<h4 class=\"wp-block-heading\"><a href=\"https:\/\/info.altinn.no\/starte-og-drive\/starte\/valg-av-organisasjonsform\/enkeltpersonforetak\/\" target=\"_blank\" rel=\"noreferrer noopener\"><strong>Klikk her<\/strong><\/a> for \u00e5 lese mer om hva du har krav p\u00e5 n\u00e5r du driver enkeltpersonforetak<br><br><\/h4>\n","protected":false},"excerpt":{"rendered":"<p>Arbeiderettigheter Du m\u00e5 sjekke at du f\u00e5r det du har krav p\u00e5 i arbeidsforholdet ditt Alle som jobber i Norge, [&hellip;]<\/p>\n","protected":false},"author":1,"featured_media":0,"parent":0,"menu_order":0,"comment_status":"closed","ping_status":"closed","template":"","meta":{"footnotes":""},"yoast_head":"<!-- This site is optimized with the Yoast SEO plugin v22.9 - https:\/\/yoast.com\/wordpress\/plugins\/seo\/ -->\n<title>Arbeiderettigheter - Caritas Rettshjelp<\/title>\n<meta name=\"robots\" content=\"index, follow, max-snippet:-1, max-image-preview:large, max-video-preview:-1\" \/>\n<link rel=\"canonical\" href=\"https:\/\/caritas.no\/rettshjelp\/arbeiderettigheter\/\" \/>\n<meta property=\"og:locale\" content=\"nb_NO\" \/>\n<meta property=\"og:type\" content=\"article\" \/>\n<meta property=\"og:title\" content=\"Arbeiderettigheter - Caritas Rettshjelp\" \/>\n<meta property=\"og:description\" content=\"Arbeiderettigheter Du m\u00e5 sjekke at du f\u00e5r det du har krav p\u00e5 i arbeidsforholdet ditt Alle som jobber i Norge, [&hellip;]\" \/>\n<meta property=\"og:url\" content=\"https:\/\/caritas.no\/rettshjelp\/arbeiderettigheter\/\" \/>\n<meta property=\"og:site_name\" content=\"Caritas Rettshjelp\" \/>\n<meta property=\"article:modified_time\" content=\"2025-03-06T13:49:18+00:00\" \/>\n<meta property=\"og:image\" content=\"https:\/\/caritas.no\/content\/uploads\/sites\/2\/2025\/03\/Penger.jpg\" \/>\n<meta name=\"twitter:card\" content=\"summary_large_image\" \/>\n<meta name=\"twitter:label1\" content=\"Ansl. lesetid\" \/>\n\t<meta name=\"twitter:data1\" content=\"2 minutter\" \/>\n<script type=\"application\/ld+json\" class=\"yoast-schema-graph\">{\"@context\":\"https:\/\/schema.org\",\"@graph\":[{\"@type\":\"WebPage\",\"@id\":\"https:\/\/caritas.no\/rettshjelp\/arbeiderettigheter\/\",\"url\":\"https:\/\/caritas.no\/rettshjelp\/arbeiderettigheter\/\",\"name\":\"Arbeiderettigheter - Caritas Rettshjelp\",\"isPartOf\":{\"@id\":\"https:\/\/caritas.no\/rettshjelp\/#website\"},\"primaryImageOfPage\":{\"@id\":\"https:\/\/caritas.no\/rettshjelp\/arbeiderettigheter\/#primaryimage\"},\"image\":{\"@id\":\"https:\/\/caritas.no\/rettshjelp\/arbeiderettigheter\/#primaryimage\"},\"thumbnailUrl\":\"https:\/\/caritas.no\/content\/uploads\/sites\/2\/2025\/03\/Penger.jpg\",\"datePublished\":\"2025-02-21T08:48:42+00:00\",\"dateModified\":\"2025-03-06T13:49:18+00:00\",\"breadcrumb\":{\"@id\":\"https:\/\/caritas.no\/rettshjelp\/arbeiderettigheter\/#breadcrumb\"},\"inLanguage\":\"nb-NO\",\"potentialAction\":[{\"@type\":\"ReadAction\",\"target\":[\"https:\/\/caritas.no\/rettshjelp\/arbeiderettigheter\/\"]}]},{\"@type\":\"ImageObject\",\"inLanguage\":\"nb-NO\",\"@id\":\"https:\/\/caritas.no\/rettshjelp\/arbeiderettigheter\/#primaryimage\",\"url\":\"https:\/\/caritas.no\/content\/uploads\/sites\/2\/2025\/03\/Penger.jpg\",\"contentUrl\":\"https:\/\/caritas.no\/content\/uploads\/sites\/2\/2025\/03\/Penger.jpg\"},{\"@type\":\"BreadcrumbList\",\"@id\":\"https:\/\/caritas.no\/rettshjelp\/arbeiderettigheter\/#breadcrumb\",\"itemListElement\":[{\"@type\":\"ListItem\",\"position\":1,\"name\":\"Hjem\",\"item\":\"https:\/\/caritas.no\/rettshjelp\/\"},{\"@type\":\"ListItem\",\"position\":2,\"name\":\"Arbeiderettigheter\"}]},{\"@type\":\"WebSite\",\"@id\":\"https:\/\/caritas.no\/rettshjelp\/#website\",\"url\":\"https:\/\/caritas.no\/rettshjelp\/\",\"name\":\"Caritas Rettshjelp\",\"description\":\"Vi er en humanit\u00e6r organisasjon som arbeider for \u00e5 bedre hverdagen til mennesker i Norge, samt land i Europa, Afrika, Asia og Latin-Amerika.\",\"potentialAction\":[{\"@type\":\"SearchAction\",\"target\":{\"@type\":\"EntryPoint\",\"urlTemplate\":\"https:\/\/caritas.no\/rettshjelp\/?s={search_term_string}\"},\"query-input\":\"required name=search_term_string\"}],\"inLanguage\":\"nb-NO\"}]}<\/script>\n<!-- \/ Yoast SEO plugin. -->","yoast_head_json":{"title":"Arbeiderettigheter - Caritas Rettshjelp","robots":{"index":"index","follow":"follow","max-snippet":"max-snippet:-1","max-image-preview":"max-image-preview:large","max-video-preview":"max-video-preview:-1"},"canonical":"https:\/\/caritas.no\/rettshjelp\/arbeiderettigheter\/","og_locale":"nb_NO","og_type":"article","og_title":"Arbeiderettigheter - Caritas Rettshjelp","og_description":"Arbeiderettigheter Du m\u00e5 sjekke at du f\u00e5r det du har krav p\u00e5 i arbeidsforholdet ditt Alle som jobber i Norge, [&hellip;]","og_url":"https:\/\/caritas.no\/rettshjelp\/arbeiderettigheter\/","og_site_name":"Caritas Rettshjelp","article_modified_time":"2025-03-06T13:49:18+00:00","og_image":[{"url":"https:\/\/caritas.no\/content\/uploads\/sites\/2\/2025\/03\/Penger.jpg"}],"twitter_card":"summary_large_image","twitter_misc":{"Ansl. lesetid":"2 minutter"},"schema":{"@context":"https:\/\/schema.org","@graph":[{"@type":"WebPage","@id":"https:\/\/caritas.no\/rettshjelp\/arbeiderettigheter\/","url":"https:\/\/caritas.no\/rettshjelp\/arbeiderettigheter\/","name":"Arbeiderettigheter - Caritas Rettshjelp","isPartOf":{"@id":"https:\/\/caritas.no\/rettshjelp\/#website"},"primaryImageOfPage":{"@id":"https:\/\/caritas.no\/rettshjelp\/arbeiderettigheter\/#primaryimage"},"image":{"@id":"https:\/\/caritas.no\/rettshjelp\/arbeiderettigheter\/#primaryimage"},"thumbnailUrl":"https:\/\/caritas.no\/content\/uploads\/sites\/2\/2025\/03\/Penger.jpg","datePublished":"2025-02-21T08:48:42+00:00","dateModified":"2025-03-06T13:49:18+00:00","breadcrumb":{"@id":"https:\/\/caritas.no\/rettshjelp\/arbeiderettigheter\/#breadcrumb"},"inLanguage":"nb-NO","potentialAction":[{"@type":"ReadAction","target":["https:\/\/caritas.no\/rettshjelp\/arbeiderettigheter\/"]}]},{"@type":"ImageObject","inLanguage":"nb-NO","@id":"https:\/\/caritas.no\/rettshjelp\/arbeiderettigheter\/#primaryimage","url":"https:\/\/caritas.no\/content\/uploads\/sites\/2\/2025\/03\/Penger.jpg","contentUrl":"https:\/\/caritas.no\/content\/uploads\/sites\/2\/2025\/03\/Penger.jpg"},{"@type":"BreadcrumbList","@id":"https:\/\/caritas.no\/rettshjelp\/arbeiderettigheter\/#breadcrumb","itemListElement":[{"@type":"ListItem","position":1,"name":"Hjem","item":"https:\/\/caritas.no\/rettshjelp\/"},{"@type":"ListItem","position":2,"name":"Arbeiderettigheter"}]},{"@type":"WebSite","@id":"https:\/\/caritas.no\/rettshjelp\/#website","url":"https:\/\/caritas.no\/rettshjelp\/","name":"Caritas Rettshjelp","description":"Vi er en humanit\u00e6r organisasjon som arbeider for \u00e5 bedre hverdagen til mennesker i Norge, samt land i Europa, Afrika, Asia og Latin-Amerika.","potentialAction":[{"@type":"SearchAction","target":{"@type":"EntryPoint","urlTemplate":"https:\/\/caritas.no\/rettshjelp\/?s={search_term_string}"},"query-input":"required name=search_term_string"}],"inLanguage":"nb-NO"}]}},"_links":{"self":[{"href":"https:\/\/caritas.no\/rettshjelp\/wp-json\/wp\/v2\/pages\/26"}],"collection":[{"href":"https:\/\/caritas.no\/rettshjelp\/wp-json\/wp\/v2\/pages"}],"about":[{"href":"https:\/\/caritas.no\/rettshjelp\/wp-json\/wp\/v2\/types\/page"}],"author":[{"embeddable":true,"href":"https:\/\/caritas.no\/rettshjelp\/wp-json\/wp\/v2\/users\/1"}],"replies":[{"embeddable":true,"href":"https:\/\/caritas.no\/rettshjelp\/wp-json\/wp\/v2\/comments?post=26"}],"version-history":[{"count":3,"href":"https:\/\/caritas.no\/rettshjelp\/wp-json\/wp\/v2\/pages\/26\/revisions"}],"predecessor-version":[{"id":47,"href":"https:\/\/caritas.no\/rettshjelp\/wp-json\/wp\/v2\/pages\/26\/revisions\/47"}],"wp:attachment":[{"href":"https:\/\/caritas.no\/rettshjelp\/wp-json\/wp\/v2\/media?parent=26"}],"curies":[{"name":"wp","href":"https:\/\/api.w.org\/{rel}","templated":true}]}}